emainder when q(p) is divided by 20.
18
Let k = 31 - 20. Let y = 9 + -16. Let x = y + k. Calculate the remainder when 13 is divided by x.
1
Let i(h) = 2 - h**3 - h - 6 - 3*h - 5*h**2 + 0*h**3. Calculate the remainder when i(-5) is divided by 9.
7
Let v = 21 + -6. Calculate the remainder when 28 is divided by v.
13
Suppose 80 = 5*b - 0*b. What is the remainder when 31 is divided by b?
15
Suppose -4*f = 2*w - 38, 2*f + 5*w - w = 4. Suppose i = -3*z - 0*i + 8, 2*i - 10 = -3*z. Calculate the remainder when z + 21 + 3/(-3) is divided by f.
10
Suppose 0*r = -5*r - 3*u - 3617, -3*r = -u + 2173. Let m be r/16 - (-1)/4. What is the remainder when (-890)/m - 4/(-18) is divided by 11?
9
Let f = -26 + 39. Let s = 66 - 106. Let v = -4 - s. What is the remainder when v is divided by f?
10
Let n(w) = w**2 + 8*w - 2. Let t be n(-7). Let c = t + 13. What is the remainder when c is divided by 2/10 - 84/(-30)?
1
What is the remainder when 53 is divided by 1*(-3 - (-18 - -4))?
9
Let d = 5 + -8. Let p be -1 - (-3)/d*-1. Suppose k = -p*k + 12. Calculate the remainder when 35 is divided by k.
11
Suppose 4*x - 26 = -2. Suppose 4*j - 11 = -3. Calculate the remainder when x is divided by j.
0
Let x(c) = -c**2 + 2*c + 31. Calculate the remainder when 61 is divided by x(6).
5
Let p(o) = 3*o - 4. Let f(z) = z**2 - 13*z - 30. What is the remainder when f(17) is divided by p(6)?
10
Suppose 0 = -7*r + 70 + 56. What is the remainder when 29 is divided by r?
11
Suppose 5*j - c = 60, 5*j + 4*c - 18 = 17. Calculate the remainder when j is divided by 2.
1
Let c = -7 - -36. What is the remainder when (-2)/(((-14)/(-931))/(3/(-7))) is divided by c?
28
Let x(z) = z**3 - 27*z**2 + 50*z + 5. What is the remainder when 5 is divided by x(25)?
0
Suppose -3*u + 5 = 5*n, 2*n - 7*n = -2*u + 20. What is the remainder when 33 is divided by 15 - (n - 0/1)?
16
Let m(r) = r**3 - 7*r**2 - 7*r - 11. Let o be m(8). Let j be (-567)/(-4) + o/(-12). Suppose -4*t = -j + 54. Calculate the remainder when t is divided by 8.
6
Suppose 5*m = -3*w + 55, 2*m - 5 = -2*w + 33. Let a = 524 + -467. Calculate the remainder when a is divided by w.
17
Let x be 7*(-1 + (0 - -2)). Let u = x - 5. What is the remainder when 5 is divided by u?
1
Let w = -3 - -3. Suppose 4*k - 2*x = 0, 4*k + k - 5*x = w. Suppose -3*o + k*o = -51. Calculate the remainder when 49 is divided by o.
15
Let d(l) = l**3 - 7*l**2 + 4*l + 7. Let a be d(6). Let j be 2*a*(1 + -4). What is the remainder when 8 is divided by ((-1)/3)/((-2)/j)?
3
Suppose 5*d + 8 - 48 = 0. Suppose -3*j + 5 = -0*j - 5*r, 2 = -3*j - 2*r. Let k = 5 - j. Calculate the remainder when d is divided by k.
3
Let i(o) = 22*o. Let t be i(1). Suppose -x = 1 - 0, 5*g - 2*x - t = 0. Suppose 0*y + y = -q + 8, y - q = g. Calculate the remainder when 16 is divided by y.
4
Let h = 3 + 0. Suppose 0*w - 136 = -h*w + 4*k, 0 = -4*w - k + 194. Calculate the remainder when (w/10)/(3/10) is divided by 6.
4
Let o = 13 - 17. Let m = 24 + o. Suppose 20 - 98 = -2*c. What is the remainder when c is divided by m?
19
Let r(m) = -m + 3. Let y be r(3). Let f = y - 5. Let c = f - -19. What is the remainder when c is divided by 5?
4
Let y be 40/25 - 4/(-10). Let j be (-14)/(1/y*-2). Calculate the remainder when 23 is divided by 86/7 - 4/j.
11
Let f(i) = 3*i - 1. What is the remainder when f(7) is divided by 11?
9
Let a = -139 + 230. Let q be (2 - 3) + 116/2. Let c = a - q. Calculate the remainder when c is divided by 12.
10
Let a(l) = -l + 3. Let r be a(-6). Suppose r = -2*q + 25. What is the remainder when 21 is divided by q?
5
Suppose -u + 0*s + 15 = 2*s, -3*u - s = -25. What is the remainder when 37 is divided by u?
2
Let z(o) = 8*o**2 + 3*o + 3. Calculate the remainder when z(-2) is divided by 8.
5
Suppose 3*k - 13 - 2 = -5*r, -r - 5*k = -3. Let b be r*(0 - -34 - -3). Suppose 2*t - b = -t. What is the remainder when t is divided by 13?
11
What is the remainder when 4/(-10)*(-960)/16 is divided by 9?
6
Suppose 0*y - 5*y - 117 = -4*t, 2*t - 4*y = 54. What is the remainder when t is divided by (-150)/(-9) - (-2)/6?
16
Let i be (-5)/(-2) + 1/(-2). Suppose 0 = -i*h + 5 + 1. Suppose 0*r - 12 = -3*r. What is the remainder when r is divided by h?
1
Suppose 0 = -b - 0 + 9. Calculate the remainder when 44 is divided by b.
8
Let f(c) = -11*c + 4. Calculate the remainder when 72 is divided by f(-2).
20
Let m(s) = -s**2 - 8*s - 3. What is the remainder when 83 is divided by m(-5)?
11
Suppose -2 + 6 = -4*x. Calculate the remainder when (3 + -1*8)*x is divided by 3.
2
Let x = -187 + 273. What is the remainder when x is divided by 22?
20
Suppose 4*t = -0*t + 20. Suppose 137 = t*h - n, 3*h + 29 = -3*n + 122. What is the remainder when 55 is divided by h?
27
Calculate the remainder when ((-19)/(-3))/((-2)/(-6)) is divided by (5/2 + 0)/(1/4).
9
Suppose -4*b + 2*h = -198, -6*h + 280 = 5*b - 2*h. What is the remainder when b is divided by 6?
4
Let f = -9 + 63. Suppose -f = 5*d - 294. Suppose 3*k = 2*m - d, m - k + 0*k = 23. Calculate the remainder when 62 is divided by m.
20
Suppose 4*z = -3*n - 2 + 23, -5*n - 3*z = -46. Suppose 2*g - n - 21 = 5*r, -5*g + 97 = -4*r. Calculate the remainder when g is divided by 11.
10
Suppose -4*x = c - 60, c + 0*c = -x + 15. Let v(l) = 2*l**2 + 19*l - 2. Calculate the remainder when x is divided by v(-10).
7
Let f(k) = k**3 - 5*k**2 + 4*k + 3. Let t be f(4). Suppose t*y + 9 = 0, -3*y + 21 = 4*v + 2*y. What is the remainder when 25 is divided by v?
7
Suppose -1 = -6*h + 17. What is the remainder when 9 is divided by h?
0
Let p = 3 + 0. Suppose p*i - 37 = 11. Let u = i + -9. What is the remainder when u is divided by 3?
1
Let c(t) = -4*t - 1. Calculate the remainder when c(-1) is divided by 3.
0
Suppose -32 - 33 = -5*a. Let k = -82 + 58. Calculate the remainder when (-340)/(-8)*k/(-20) is divided by a.
12
Let y(s) = -s**2 - 8*s - 3. Let n be (-3 + 2 - 1)*3. What is the remainder when (-49)/(-2) + 2/4 is divided by y(n)?
7
Let g = 10 - 5. Suppose -26 = -g*v - 5*r - 11, -9 = -3*v + 5*r. Calculate the remainder when (-2*(2 + 2))/(-1) is divided by v.
2
Let u(q) = -2*q**3 - q**2 - q - 2. Let i(a) = a**2 - 3*a. Let n be i(2). Suppose 64 = 3*h - 41. What is the remainder when h is divided by u(n)?
11
Let w(y) = 4*y - 70. Calculate the remainder when w(19) is divided by 6.
0
Suppose 14 = 2*m - 4. What is the remainder when ((-50)/8)/(1/(-4)) is divided by m?
7
Suppose -z + 1 = 0, 40 = 3*k + 5*z - 19. Calculate the remainder when 33 is divided by k.
15
Let y be (6/4 + -2)*-2. Calculate the remainder when (2 + 6*2)/2 is divided by y + 1 + (3 - 2).
1
Let k(m) = -6*m + 4. Let l be 12/9*(-18)/4. Calculate the remainder when k(l) is divided by 14.
12
Let f be -3*(10/(-6) + 2). Let n be 3*(-2 - 4/2). Let r = f - n. Calculate the remainder when 20 is divided by r.
9
Let s = 28 + -42. Let b = 22 + s. Calculate the remainder when 37 is divided by b.
5
Let n(s) = -2*s**3. Let i be n(-1). Let y(v) = -4*v + 4*v + 2*v**i + 4*v + 3 + v. Calculate the remainder when y(-6) is divided by 16.
13
Let j be ((-3)/6)/(1/(-24)). Let h = j + 3. Calculate the remainder when h is divided by 8.
7
Let k(j) = -j**3 + 3*j**2 + 2*j - 1. Let l be k(3). Suppose -4*d + 2 = -3*d, 4*d + 27 = l*p. Let f = 326 + -313. What is the remainder when f is divided by p?
6
Suppose -3*i + 8*i = 50. What is the remainder when 37 is divided by i?
7
Let v(r) = r. Let y = -4 + 6. Let j be v(y). Suppose 0 = -3*q + j*q + 6. What is the remainder when 10 is divided by q?
4
Suppose -u - 3*o + 20 = 0, -4*o = -10 - 10. What is the remainder when 5 is divided by u?
0
Suppose -4*z + 6*z = -2. Suppose 0 = 2*o - 0 - 12. What is the remainder when z/3 - (-68)/6 is divided by o?
5
Let i(s) = s**2 - 10*s + 5. Let g be i(10). Suppose 4*t + 36 = g*m, -t + 2 = t. What is the remainder when m is divided by 3?
2
What is the remainder when 87 is divided by (30/(-7))/((-1)/(-21)*-3)?
27
Let y(t) = -t**3 + 5*t**2 + 6*t + 8. What is the remainder when y(6) is divided by (-2)/(-10) - 72/(-15)?
3
Let t = 6 + -3. Suppose 0*i + 4*i + 4 = 0, -t*r = -2*i + 157. Let h = r - -108. Calculate the remainder when h is divided by 19.
17
Suppose 4*b - 16 = 4*q, -b + 7*q - 2*q - 16 = 0. Suppose -b = -3*k + 3. What is the remainder when k is divided by 1 - -2 - (0 + 1)?
0
Let m = 